False
Suppose 10*v + 125860 = 15*v - 5*b, -3*b = -15. Is v a prime number?
False
Let s = -5 - 2. Let t(k) = k**3 + 11*k**2 + 9*k - 9. Let x be t(s). Is (-1 - -2)*x/4 a prime number?
True
Suppose 32*c - 626 = 30*c. Is c + (1 - 3)*-2 composite?
False
Let n(m) = -m**3 - m**2 - m + 107. Let t = 20 - 20. Let b be n(t). Suppose 3*v = -3*r + 10 + b, 2*r + 132 = 4*v. Is v composite?
True
Suppose 3*n - 24 = 3*h, 2*h - 1 - 1 = -n. Suppose n*z = 13 + 5. Suppose 0 = -z*r - 5*k + 619, -4*r + 7*r + 3*k = 627. Is r composite?
True
Let o be 174/18*(2 - -94). Let h = 1781 - o. Is h a prime number?
True
Let u(n) = 977*n + 69. Is u(34) prime?
True
Is 0 + (-2)/(-3) - (-30181)/3 a prime number?
True
Suppose -3*t - d + 8894 = 0, 11*t - 8869 = 8*t + 4*d. Is t prime?
True
Let w be ((-3)/6 - -1)/((-1)/2). Is (-1070)/w + ((-4)/(-2) - -1) prime?
False
Let w be (-27)/(-12) - (-6)/8. Let j be (6 - 4 - w) + 2. Is j/4 - 12397/(-28) composite?
False
Let u(g) = 5*g - 20. Let c(y) = y + 1. Let v(j) = -3*c(j) - u(j). Suppose -2*s - 3 = 25. Is v(s) prime?
False
Suppose -i = -2*i - t + 2, -t = 4*i - 11. Suppose 0*a - 63 = -i*a. Is a prime?
False
Let j(a) = -327*a + 25. Let n(c) = -164*c + 13. Let d(l) = -6*j(l) + 13*n(l). Is d(-3) prime?
False
Suppose -9*b + 15*b = 4200. Let h be 346/14 + 2/7. Suppose -b = -5*g + 2*w, -h = -0*w - 5*w. Is g a composite number?
True
Suppose 8*w - 3148 = -19836. Let u = w - -3465. Is u composite?
True
Let p be 2/1 - (-32)/(-8). Is (1256/(-16))/(p/4) prime?
True
Suppose -24*r + 21*r = -12. Let i be 2010/8 + (-3)/12. Suppose r*s - i = 1265. Is s composite?
False
Let f = 7535 - -2072. Is f a composite number?
True
Let k(b) = -487*b**3 - 23*b**2 + 99*b**3 + 25*b**2 - 2*b + 3*b. Is k(-1) prime?
True
Suppose 8 = -2*v - 2, 3*v = -3*n + 7989. Suppose -7*w + n = -461. Is w prime?
False
Suppose 6*x = 4*q + 2*x - 5756, -2*x = -5*q + 7201. Is q prime?
False
Let j = -14434 - -25275. Is j prime?
False
Let k(l) = -13*l + 12. Let r(m) = m + 12. Let y be r(-12). Suppose 0 = -y*s - 2*s - 10. Is k(s) prime?
False
Suppose 5*i - g + 5*g = 42509, -4*i = -g - 34024. Let u = i + -5426. Is u a composite number?
False
Suppose -y - 4*l = 82, y + 4*l - 2*l + 72 = 0. Let j = y + 37. Is (j/5)/((-2)/22) a prime number?
False
Suppose 2*z + 3092 - 178 = 0. Let j = 963 + z. Let u = 705 + j. Is u a prime number?
True
Is ((56/12)/7)/(2/50529) composite?
False
Let u(j) = j**2 - j - 1. Let m(s) = -7*s**2 - 14*s + 1. Let k(h) = m(h) + 6*u(h). Is k(-18) a prime number?
True
Let s be 4/28 - 282/14. Is -556*((-75)/s + -4) composite?
False
Suppose -14*z + 19080 = -8*z. Let u = 3159 + z. Is u a prime number?
False
Let c be (2 + 3)/(0 - -1). Let l(j) be the third derivative of j**6/60 + j**5/15 + j**4/8 + j**3 + j**2. Is l(c) prime?
False
Let l(a) = a**3 - 4*a**2 - a - 12. Let c be l(5). Let g(v) = 2*v**3 - 8*v**2 - 8*v + 3. Is g(c) prime?
False
Let a(j) = 15*j + 35. Suppose -10*z + 170 = -30. Is a(z) prime?
False
Let b = 36769 - 15796. Is b a prime number?
False
Is -5 + 0 - (-9590 - -58) composite?
True
Let k = 3556 - -6975. Is k prime?
True
Suppose 0 = 2*x + 4767 - 21769. Is x a composite number?
False
Suppose 0*u = -5*u + 240. Let p be (-36)/u - 54/(-8). Suppose r + 509 = 4*d, -d + r + 134 = p. Is d prime?
True
Let i(b) = b**3 - 15*b**2 - 32*b + 23. Is i(27) a composite number?
False
Let w = 6747 + -3812. Is w a composite number?
True
Let c(g) = g**2 + 3*g - 5. Let t be c(-5). Suppose 3*r + r - v - 2586 = 0, -v = t*r - 3237. Is r prime?
True
Let c be 4/(-10) + 18/(-30). Let j(t) = -142*t**2 - t. Let y be j(c). Is 10*(y/2)/(-3) a prime number?
False
Let f = 8 - 2. Suppose l = 4*i - 22, 2*l = i - 3 - f. Let m(g) = -4*g**3 - g**2 + g - 1. Is m(l) a prime number?
False
Suppose d - 3 = 1. Is (0 - 0) + d + 2857 prime?
True
Suppose -1053 + 13583 = 5*a. Suppose -4*f = -6*f + a. Is f a prime number?
False
Let p be (-6)/4*(-8)/6. Suppose -k + 456 = 4*j, 2*j - k - 242 = p*k. Let s = 200 - j. Is s a composite number?
True
Let c(o) = 11*o - 6. Suppose -6*l - 5 = -7*l. Let j be c(l). Suppose 0 = b - 3*f - 136 - j, -756 = -4*b + 4*f. Is b composite?
False
Is 3086/(-8)*(0 - -2)*-2 prime?
True
Let s = 86 + -74. Is s/8 + (0 - 3105/(-6)) a composite number?
True
Let k(w) = -w - 2*w**2 + 14*w - 13*w**3 - 2*w**2 + 3 + 8*w**3. Is k(-5) prime?
True
Suppose -23*l + 14*l = -191421. Is l composite?
False
Let y(t) = 343*t**2 + 30*t - 11. Is y(6) prime?
True
Suppose 0 = 27*b - 425589 + 71322. Is b composite?
False
Let g be 4/((1/(-5))/(16/(-10))). Let i = g - -23. Is i prime?
False
Suppose 35*f + 249 = 38*f. Suppose f*u + 5482 = 85*u. Is u prime?
True
Suppose 26634 = -6*n + 6978. Let o = 7661 + n. Is o composite?
True
Let k be (-4)/(-10) - 4/10. Suppose k = -4*v - v + 3175. Is v prime?
False
Suppose -7*j + 2*j + 9847 = 2*d, -7880 = -4*j - 4*d. Is j composite?
True
Let o(p) = -11*p**3 + p**2 + 2*p + 1. Suppose 2*w - 75 = 7*w. Let h = -16 - w. Is o(h) a prime number?
True
Let g(u) = -3*u**2 - 2*u. Let b be g(-1). Is (((-1538)/4)/(2/4))/b a prime number?
True
Let y = 169 + 1468. Is y prime?
True
Suppose -187 = -2*n + 747. Is (-2 - (-1)/1)*n/(-1) composite?
False
Let u(b) = b**3 - 8*b**2 + 12*b + 2. Let a(v) = -v + 1. Let j be a(-6). Let t = j - -2. Is u(t) a composite number?
False
Suppose -11*y = -16*y + l + 23667, -2*y + 9464 = l. Is y a prime number?
True
Let g(h) = -h**2 + 2*h + 12. Let c be g(5). Is (-1)/c - 48008/(-12) a composite number?
False
Suppose b = -1320 + 4905. Suppose x = -952 + b. Is x a prime number?
True
Let r be ((-15)/2)/(1/14). Let m = 306 + r. Suppose 7*h - 10*h = -m. Is h a prime number?
True
Suppose 5*n + d = 2*d + 1351, 5*d + 522 = 2*n. Suppose 5*r - 5*b = 435, -3*r - 5*b + 3*b + n = 0. Is r a prime number?
True
Suppose -4*b = -4*q - 4, -4*q - 5*b = -13 - 19. Is q*(845/3 + 20/(-10)) prime?
True
Suppose 12 = 4*a, -c + a = -3270 - 21476. Is c a composite number?
False
Let x(p) = -p**2 + 2*p + 3. Let w be x(6). Let l be 6/21 - (-12270)/w. Is 3/(-9) + l/(-6) a prime number?
True
Suppose -10132 = 11*l - 15*l. Is l a composite number?
True
Let j(x) = -1097*x**2 + 3. Let o(n) = 801907*n**2 - 2194. Let l(i) = -2194*j(i) - 3*o(i). Suppose 9*p = 7*p + 2. Is l(p) a prime number?
True
Let u be -2 + -12*878/(-3). Is u - ((-44)/(-12) - (-2)/6) prime?
False
Let r(i) = -i**2 - 9*i - 5. Suppose 0 = -p + 2*w - 1, -4 = -w. Let n be r(p). Let y = -80 - n. Is y a composite number?
False
Let b(q) = q**3 + 2*q**2 - 36*q - 12. Is b(23) composite?
True
Suppose -2*j = -5*h - 6276, -j - h - 139 = -3291. Suppose j = 3*w + w. Let k = w - 534. Is k prime?
False
Suppose -5*l - 2 - 3 = -5*u, -5*u = -3*l - 5. Suppose j + 43 - 486 = l. Is j composite?
False
Suppose -5*y + 15 = -5*m, -y + 13 = 3*m - 2. Suppose y*i - 134 = 4*i. Is i prime?
True
Suppose 5*g + 2*g = 0. Suppose -r - 3*x = -0*x, g = -5*r - 3*x + 12. Suppose -2*q - 405 = -3*z, -2*q = 2*z + r*q - 251. Is z composite?
True
Suppose 5*r + 2*z + 2*z - 1090 = 0, 0 = r - 4*z - 218. Let q(g) = 51*g**2 - 2*g + 4. Let v be q(-3). Let p = v - r. Is p composite?
False
Let x(g) be the first derivative of 9*g**4/4 - 3*g**3 + 3*g**2 + 5*g + 3. Let a be x(6). Suppose -4*z - y + a = 0, 2*z - 3*y = -z + 1242. Is z prime?
False
Let t(m) = -91*m**3 - m**2 - 13*m - 14. Is t(-3) a prime number?
True
Let p(v) = 634*v**2 + v - 5. Is p(-6) composite?
True
Let a(i) = 659*i + 321. Is a(7) composite?
True
Let q(r) = -22*r**2 + r + 7. Let o(u) = -u**2 + u + 7. Let k be o(4). Let c be q(k). Let p = 1255 + c. Is p a composite number?
True
Suppose 4*u = -u + 2535. Let c = u + 108. Suppose 0*f + 4*l = 3*f - c, 4*f = l + 833. Is f composite?
True
Let y = 1032 - 293. Is y a composite number?
False
Suppose -2*g + 0*g + 10 = -k, -g - 5 = 2*k. Is (g - -7)*(-46)/(-4) a prime number?
False
Let n(h) = -5*h**3 + 2*h**2 + 2*h - 3. Let d(a) = 4*a**3 - a**2 - 2*a + 2. Let x(g) = 6*d(g) + 5*n(g). Let b be x(3). Suppose 5*m - 2388 - 1937 = b. Is m prime?
False
Let c(x) = x**2 + 9*x + 13. Let z be c(-9). Let y(o) be the third derivative of 59*o**4/24 - 3*o**3/2 + o**2. Is y(z) composite?
True
Suppose 18*n + 14894 = 20*n. Is n prime?
False
Let r(g) = g**2 - 2*g - 1. Let n be r(7). Suppose -s - 3 = -n. Is s prime?
True
Let y = 396 - 153. Suppose 6*t = -y + 1005. Is t composite?
False
Let y(h) = h + 22. Let q be -